47 a prime number?
True
Is 118104299 a composite number?
True
Is 11038999 prime?
False
Is 32489797 a prime number?
True
Is 372041 a composite number?
True
Is 10029139 prime?
False
Is 6408953 prime?
True
Is 447743 prime?
True
Is 13540403 a prime number?
False
Is 126924251 a composite number?
False
Is 8909863 a prime number?
True
Is 54267461 a prime number?
False
Is 108144587 a composite number?
False
Is 3425911 composite?
True
Is 70837207 prime?
False
Is 87711263 composite?
False
Is 40583161 prime?
True
Is 519751 a composite number?
True
Is 12893389 a prime number?
True
Is 27831259 composite?
False
Is 3365123 prime?
False
Is 23882366 prime?
False
Is 14822149 a prime number?
False
Is 409078207 a composite number?
True
Is 37185581 a composite number?
True
Is 1919527 prime?
False
Is 21513551 composite?
True
Is 28179187 prime?
False
Is 924907 a composite number?
False
Is 19162613 composite?
True
Is 160918943 composite?
True
Is 225242 a prime number?
False
Is 307702897 a prime number?
True
Is 19635437 a prime number?
False
Is 134213567 a prime number?
True
Is 3141169 composite?
True
Is 3171313 composite?
False
Is 30452677 a prime number?
False
Is 892679 composite?
True
Is 22203373 a composite number?
False
Is 62165 prime?
False
Is 20382721 a prime number?
True
Is 238732486 a composite number?
True
Is 1275937895 prime?
False
Is 36711529 prime?
True
Is 636143 prime?
False
Is 1846657 prime?
True
Is 48512983 composite?
False
Is 46627331 a composite number?
True
Is 2008106 a composite number?
True
Is 491411 prime?
False
Is 19801511 composite?
False
Is 2652623 prime?
True
Is 22543609 a composite number?
True
Is 4622446 prime?
False
Is 1219949 composite?
False
Is 2671579 composite?
True
Is 8976129 prime?
False
Is 96137 composite?
False
Is 6805 composite?
True
Is 6183149 a composite number?
True
Is 78329183 a composite number?
True
Is 282431263 a prime number?
True
Is 1494343 composite?
False
Is 623369 composite?
True
Is 22573555 composite?
True
Is 36528103 a prime number?
True
Is 186345397 a prime number?
False
Is 3420437 a composite number?
True
Is 69240359 prime?
True
Is 41062831 prime?
True
Is 833281 prime?
True
Is 31972261 composite?
True
Is 4045253 a composite number?
False
Is 26982581 composite?
False
Is 2118527 prime?
True
Is 10143059 composite?
True
Is 32126659 composite?
False
Is 1713499 prime?
False
Is 4146497 composite?
False
Is 6972617 a composite number?
False
Is 15006259 a composite number?
False
Is 51271967 prime?
True
Is 6331669 prime?
True
Is 4736393 a prime number?
False
Is 488567 a prime number?
True
Is 120121921 a prime number?
True
Is 287758985 composite?
True
Is 6985553 a composite number?
False
Is 13415987 a prime number?
False
Is 229122259 a prime number?
True
Is 18767389 a prime number?
False
Is 8742161 prime?
True
Is 472506809 a prime number?
True
Is 279372074 a composite number?
True
Is 34814201 a composite number?
False
Is 30417371 prime?
False
Is 264681749 a composite number?
False
Is 6489817 a prime number?
False
Is 45253693 composite?
False
Is 3531071 a composite number?
False
Is 122482177 a composite number?
False
Is 3008659 prime?
True
Is 2307623 composite?
False
Is 6280121 a composite number?
True
Is 176413 composite?
False
Is 348177859 composite?
False
Is 19127957 a prime number?
False
Is 24997121 prime?
False
Is 92611069 a prime number?
True
Is 301127587 prime?
False
Is 30481811 composite?
False
Is 1447468805 a prime number?
False
Is 1583977 a composite number?
True
Is 9880529 composite?
False
Is 99666487 a composite number?
False
Is 5283389 composite?
False
Is 506647997 composite?
False
Is 33869107 a composite number?
False
Is 587685377 prime?
False
Is 672999517 composite?
False
Is 74113 composite?
True
Is 37070029 a prime number?
True
Is 1508074 a composite number?
True
Is 18329299 a composite number?
False
Is 12277877 a prime number?
True
Is 68225089 a prime number?
True
Is 2441182 a prime number?
False
Is 72849841 composite?
True
Is 3090779 a composite number?
False
Is 3268337 composite?
False
Is 95298761 a prime number?
False
Is 1591483 prime?
True
Is 42198529 a composite number?
False
Is 103044151 a prime number?
False
Is 194285827 prime?
False
Is 48192217 a prime number?
True
Is 113 a prime number?
True
Is 11280729 a prime number?
False
Is 3654995 prime?
False
Is 20562335 prime?
False
Is 4278221 a composite number?
True
Is 265951834 composite?
True
Is 8765237 a composite number?
True
Is 170273 composite?
True
Is 3257893 a prime number?
False
Is 6789469 a composite number?
False
Is 2026133 a composite number?
True
Is 14656463 composite?
False
Is 240326609 composite?
True
Is 299156573 prime?
False
Is 1005784613 a composite number?
True
Is 32263837 composite?
True
Is 375309307 prime?
True
Is 6012079 composite?
True
Is 77402667 composite?
True
Is 3314237 prime?
True
Is 4169479 a composite number?
True
Is 403371365 a composite number?
True
Is 13638971 prime?
False
Is 4051583 a prime number?
True
Is 142243081 a composite number?
False
Is 78236113 composite?
True
Is 410657285 prime?
False
Is 2081227 a composite number?
True
Is 54906091 a composite number?
False
Is 17168707 composite?
False
Is 94013 a composite number?
True
Is 19977487 a composite number?
False
Is 79223169 composite?
True
Is 23948339 a composite number?
False
Is 51219263 prime?
True
Is 86482163 composite?
True
Is 45933113 composite?
True
Is 646741 prime?
False
Is 55336237 prime?
False
Is 1177277 prime?
True
Is 2122987 a composite number?
True
Is 95408009 a composite number?
False
Is 211889737 a composite number?
True
Is 11185679 a prime number?
True
Is 1951883 a prime number?
False
Is 12562663 composite?
False
Is 10670599 a composite number?
False
Is 1783367 a prime number?
False
Is 28201421 a composite number?
True
Is 962849 a composite number?
True
Is 1341943 composite?
True
Is 6199793 composite?
True
Is 838507 a prime number?
False
Is 454673 prime?
True
Is 450928261 a composite number?
True
Is 223271243 composite?
True
Is 95931331 prime?
True
Is 16044659 prime?
True
Is 15789143 prime?
True
Is 173484589 a prime number?
True
Is 10958581 a prime number?
True
Is 6462773 prime?
False
Is 137117 prime?
True
Is 20243 composite?
True
Is 7646861 composite?
False
Is 7090511 composite?
False
Is 4103119 prime?
True
Is 125288629 a prime number?
False
Is 1395023 prime?
False
Is 58697227 a composite number?
False
Is 286881229 a composite number?
True
Is 105069527 prime?
False
Is 273349 a composite number?
False
Is 17934281 composite?
False
Is 33962153 composite?
True
Is 4749377 composite?
False
Is 29381987 composite?
False
Is 28394 a composite number?
True
Is 622987 composite?
False
Is 33438079 a composite number?
False
Is 400710711 prime?
False
Is 97301179 a prime number?
True
Is 18837857 composite?
False
Is 1563641 a prime number?
False
Is 67485289 a composite number?
True
Is 46688281 prime?
True
Is 4239077 a composite number?
False
Is 1810613 prime?
False
Is 7754693 a composite number?
True
Is 2587031 prime?
True
Is 27830303 prime?
True
Is 1647871 prime?
True
Is 6227789 prime?
False
Is 18264391 a composite number?
True
Is 21831743 a prime number?
False
Is 50989 composite?
False
Is 1314371 composite?
False
Is 2915923 prime?
True
Is 369959 prime?
True
Is 66469697 a composite number?
True
Is 5370163 composite?
False
Is 9609319 a prime number?
True
Is 219559195 a composite number?
True
Is 874375197 a prime number?
False
Is 867973 a prime number?
False
Is 2803917 prime?
False
Is 13168847 composite?
False
Is 34870141 composite?
False
Is 25032511 prime?
False
Is 71754313 composite?
False
Is 34070609 prime?
False
Is 3119647 a prime number?
True
Is 42473555 a composite number?
True
Is 14752609 composite?
True
Is 1152341 composite?
True
Is 43307191 a prime number?
True
Is 186042782 a composite number?
True
Is 11272897 composite?
False
Is 33762923 a composite number?
False
Is 133909329 a composite number?
True
Is 206608673 prime?
False
Is 100550399 a composite number?
False
Is 282559 a prime number?
True
Is 253133 a composite number?
False
Is 578392257 composite?
True
Is 85346419 a prime number?
True
Is 1881697 prime?
True
Is 2306723 a prime number?
False
Is 36589409 a prime number?
True
Is 27762337 prime?
True
Is 214480363 composite?
False
Is 33825839 a prime number?
Tr